{"id":952,"date":"2018-06-29T20:58:58","date_gmt":"2018-06-29T23:58:58","guid":{"rendered":"https:\/\/ies6017-sal.infd.edu.ar\/sitio\/plan-de-estudio\/"},"modified":"2019-07-19T01:22:36","modified_gmt":"2019-07-19T04:22:36","slug":"plan-de-estudio","status":"publish","type":"page","link":"https:\/\/ies6017-sal.infd.edu.ar\/sitio\/tec-sup-en-electronica\/plan-de-estudio\/","title":{"rendered":"Plan de Estudio"},"content":{"rendered":"<p>&nbsp;<\/p>\n<p><strong>NIVEL: Superior<\/strong><br \/>\n<strong>DENOMINACI\u00d3N DE LA CARRERA: T\u00e9cnico Superior en Electr\u00f3nica\u00a0<\/strong><br \/>\n<strong>DURACI\u00d3N: 3 (tres) a\u00f1os<\/strong><br \/>\n<strong>T\u00cdTULO A OTORGAR: T\u00e9cnico Superior en Electr\u00f3nica<\/strong><br \/>\n<strong>MODALIDAD: Presencial<\/strong><\/p>\n<p>&nbsp;<\/p>\n<p><img decoding=\"async\" title=\"REL LAB 1\" src=\"https:\/\/ies6017-sal.infd.edu.ar\/sitio\/wp-content\/uploads\/2018\/06\/1ER_AN_O_LABORALES.png\" alt=\"REL LAB 1\" border=\"0\" \/><img decoding=\"async\" title=\"REL LAB 2\" src=\"https:\/\/ies6017-sal.infd.edu.ar\/sitio\/wp-content\/uploads\/2018\/06\/2DO_AN_O_LABORALES.png\" alt=\"REL LAB 2\" border=\"0\" \/><img decoding=\"async\" title=\"REL LAB 3\" src=\"https:\/\/ies6017-sal.infd.edu.ar\/sitio\/wp-content\/uploads\/2018\/06\/3ER_AN_O_LABORALES.png\" alt=\"REL LAB 3\" border=\"0\" \/><\/p>\n<p>&nbsp;<\/p>\n<p style=\"text-align: center;\"><span style=\"font-size: 12pt;\"><strong>PLAN DE ESTUDIO COMPLETO<\/strong><\/span><\/p>\n<p style=\"text-align: center;\"><span style=\"font-size: 12pt;\"><strong><a title=\"Plan de Relaciones Laborales\" href=\"upload\/Res-_093_15-T.S._Relaciones_Laborales.pdf\" target=\"_blank\" rel=\"noopener\"><img decoding=\"async\" loading=\"lazy\" title=\"pdf\" src=\"https:\/\/ies6017-sal.infd.edu.ar\/sitio\/wp-content\/uploads\/2018\/06\/icono-pdf.gif\" alt=\"pdf\" width=\"122\" height=\"54\" border=\"0\" \/><\/a><\/strong><\/span><\/p>\n<p>&nbsp;<\/p>\n","protected":false},"excerpt":{"rendered":"<p>&nbsp; NIVEL: Superior DENOMINACI\u00d3N DE LA CARRERA: T\u00e9cnico Superior en Electr\u00f3nica\u00a0 DURACI\u00d3N: 3 (tres) a\u00f1os T\u00cdTULO A OTORGAR: T\u00e9cnico Superior en Electr\u00f3nica MODALIDAD: Presencial &nbsp; &nbsp; PLAN DE ESTUDIO COMPLETO &nbsp;<\/p>\n","protected":false},"author":236,"featured_media":0,"parent":860,"menu_order":0,"comment_status":"closed","ping_status":"closed","template":"","meta":[],"acf":[],"_links":{"self":[{"href":"https:\/\/ies6017-sal.infd.edu.ar\/sitio\/wp-json\/wp\/v2\/pages\/952"}],"collection":[{"href":"https:\/\/ies6017-sal.infd.edu.ar\/sitio\/wp-json\/wp\/v2\/pages"}],"about":[{"href":"https:\/\/ies6017-sal.infd.edu.ar\/sitio\/wp-json\/wp\/v2\/types\/page"}],"author":[{"embeddable":true,"href":"https:\/\/ies6017-sal.infd.edu.ar\/sitio\/wp-json\/wp\/v2\/users\/236"}],"replies":[{"embeddable":true,"href":"https:\/\/ies6017-sal.infd.edu.ar\/sitio\/wp-json\/wp\/v2\/comments?post=952"}],"version-history":[{"count":1,"href":"https:\/\/ies6017-sal.infd.edu.ar\/sitio\/wp-json\/wp\/v2\/pages\/952\/revisions"}],"predecessor-version":[{"id":1608,"href":"https:\/\/ies6017-sal.infd.edu.ar\/sitio\/wp-json\/wp\/v2\/pages\/952\/revisions\/1608"}],"up":[{"embeddable":true,"href":"https:\/\/ies6017-sal.infd.edu.ar\/sitio\/wp-json\/wp\/v2\/pages\/860"}],"wp:attachment":[{"href":"https:\/\/ies6017-sal.infd.edu.ar\/sitio\/wp-json\/wp\/v2\/media?parent=952"}],"curies":[{"name":"wp","href":"https:\/\/api.w.org\/{rel}","templated":true}]}}