{"id":928,"date":"2018-06-29T20:58:50","date_gmt":"2018-06-29T23:58:50","guid":{"rendered":"https:\/\/ies6017-sal.infd.edu.ar\/sitio\/carreras\/"},"modified":"2023-02-20T12:07:11","modified_gmt":"2023-02-20T15:07:11","slug":"carreras","status":"publish","type":"page","link":"https:\/\/ies6017-sal.infd.edu.ar\/sitio\/carreras\/","title":{"rendered":"Carreras"},"content":{"rendered":"<p><img decoding=\"async\" loading=\"lazy\" class=\"size-medium wp-image-5654 aligncenter\" src=\"https:\/\/ies6017-sal.infd.edu.ar\/sitio\/wp-content\/uploads\/2023\/02\/Oferta-2023-1000x333.jpg\" alt=\"\" width=\"1000\" height=\"333\" srcset=\"https:\/\/ies6017-sal.infd.edu.ar\/sitio\/wp-content\/uploads\/2023\/02\/Oferta-2023-1000x333.jpg 1000w, https:\/\/ies6017-sal.infd.edu.ar\/sitio\/wp-content\/uploads\/2023\/02\/Oferta-2023-768x256.jpg 768w, https:\/\/ies6017-sal.infd.edu.ar\/sitio\/wp-content\/uploads\/2023\/02\/Oferta-2023-1536x512.jpg 1536w, https:\/\/ies6017-sal.infd.edu.ar\/sitio\/wp-content\/uploads\/2023\/02\/Oferta-2023.jpg 1875w\" sizes=\"(max-width: 1000px) 100vw, 1000px\" \/><\/p>\n<table style=\"height: 464px;\" width=\"696\">\n<tbody>\n<tr>\n<td width=\"394\"><a href=\"https:\/\/ies6017-sal.infd.edu.ar\/sitio\/profesorado-de-ed-primaria\/\"><strong><span style=\"color: #0000ff;\">Profesorado de Educaci\u00f3n Primaria<\/span><\/strong><\/a><\/td>\n<td width=\"80\"><strong><img decoding=\"async\" loading=\"lazy\" class=\"aligncenter wp-image-1706\" src=\"https:\/\/ies6017-sal.infd.edu.ar\/sitio\/wp-content\/uploads\/2019\/08\/ico-menu.png\" alt=\"\" width=\"62\" height=\"62\" \/><\/strong><\/td>\n<\/tr>\n<tr>\n<td><span style=\"color: #0000ff;\"><a style=\"color: #0000ff;\" href=\"https:\/\/ies6017-sal.infd.edu.ar\/sitio\/profesorado-de-biologia\/\"><strong>Profesorado de Educaci\u00f3n Secundaria en Biolog\u00eda<\/strong><\/a><\/span><\/td>\n<td><strong><img decoding=\"async\" loading=\"lazy\" class=\"aligncenter wp-image-1706\" src=\"https:\/\/ies6017-sal.infd.edu.ar\/sitio\/wp-content\/uploads\/2019\/08\/ico-menu.png\" alt=\"\" width=\"62\" height=\"62\" \/><\/strong><\/td>\n<\/tr>\n<tr>\n<td><a href=\"https:\/\/ies6017-sal.infd.edu.ar\/sitio\/prof-de-ed-en-informatica\/\"><strong><span style=\"color: #0000ff;\">Profesorado de Educaci\u00f3n Secundaria en Inform\u00e1tica<\/span><\/strong><\/a><\/td>\n<td><strong><img decoding=\"async\" loading=\"lazy\" class=\"aligncenter wp-image-1706\" src=\"https:\/\/ies6017-sal.infd.edu.ar\/sitio\/wp-content\/uploads\/2019\/08\/ico-menu.png\" alt=\"\" width=\"62\" height=\"62\" \/><\/strong><\/td>\n<\/tr>\n<tr>\n<td><a href=\"https:\/\/ies6017-sal.infd.edu.ar\/sitio\/prof-de-ed-en-quimica\/\"><strong><span style=\"color: #0000ff;\">Profesorado de Educaci\u00f3n Secundaria en Qu\u00edmica<\/span><\/strong><\/a><\/td>\n<td><strong><img decoding=\"async\" loading=\"lazy\" class=\"aligncenter wp-image-1706\" src=\"https:\/\/ies6017-sal.infd.edu.ar\/sitio\/wp-content\/uploads\/2019\/08\/ico-menu.png\" alt=\"\" width=\"62\" height=\"62\" \/><\/strong><\/td>\n<\/tr>\n<tr>\n<td><a href=\"https:\/\/ies6017-sal.infd.edu.ar\/sitio\/tec-sup-en-electronica\/\"><strong><span style=\"color: #0000ff;\">Tecnicatura Superior en Electr\u00f3nica<\/span><\/strong><\/a><\/td>\n<td><span style=\"color: #0000ff;\"><img decoding=\"async\" loading=\"lazy\" class=\"aligncenter wp-image-1706\" src=\"https:\/\/ies6017-sal.infd.edu.ar\/sitio\/wp-content\/uploads\/2019\/08\/ico-menu.png\" alt=\"\" width=\"62\" height=\"62\" \/><\/span><\/td>\n<\/tr>\n<tr>\n<td><a href=\"https:\/\/ies6017-sal.infd.edu.ar\/sitio\/tec-sup-en-analista-en-sistemas\/\"><span style=\"color: #0000ff;\"><strong>Tecnicatura Superior Analista en sistemas con orientaci\u00f3n en redes inform\u00e1ticas<\/strong><\/span><\/a><\/td>\n<td><span style=\"color: #0000ff;\"><strong><img decoding=\"async\" loading=\"lazy\" class=\"aligncenter wp-image-1706\" src=\"https:\/\/ies6017-sal.infd.edu.ar\/sitio\/wp-content\/uploads\/2019\/08\/ico-menu.png\" alt=\"\" width=\"62\" height=\"62\" \/><\/strong><\/span><\/td>\n<\/tr>\n<tr>\n<td><span style=\"color: #0000ff;\"><a style=\"color: #0000ff;\" href=\"https:\/\/ies6017-sal.infd.edu.ar\/sitio\/tec-sup-en-r-r-h-h\/\"><strong>Tecnicatura en Gesti\u00f3n de los Recursos Humanos (Anexo Cpo. Santo)<\/strong><\/a><\/span><\/td>\n<td><img decoding=\"async\" loading=\"lazy\" class=\"aligncenter wp-image-1706\" src=\"https:\/\/ies6017-sal.infd.edu.ar\/sitio\/wp-content\/uploads\/2019\/08\/ico-menu.png\" alt=\"\" width=\"62\" height=\"62\" \/><\/td>\n<\/tr>\n<\/tbody>\n<\/table>\n","protected":false},"excerpt":{"rendered":"<p>Profesorado de Educaci\u00f3n Primaria Profesorado de Educaci\u00f3n Secundaria en Biolog\u00eda Profesorado de Educaci\u00f3n Secundaria en Inform\u00e1tica Profesorado de Educaci\u00f3n Secundaria en Qu\u00edmica Tecnicatura Superior en Electr\u00f3nica Tecnicatura Superior Analista en sistemas con orientaci\u00f3n en redes inform\u00e1ticas Tecnicatura en Gesti\u00f3n de los Recursos Humanos (Anexo Cpo. Santo)<\/p>\n","protected":false},"author":236,"featured_media":0,"parent":0,"menu_order":0,"comment_status":"closed","ping_status":"closed","template":"","meta":[],"acf":[],"_links":{"self":[{"href":"https:\/\/ies6017-sal.infd.edu.ar\/sitio\/wp-json\/wp\/v2\/pages\/928"}],"collection":[{"href":"https:\/\/ies6017-sal.infd.edu.ar\/sitio\/wp-json\/wp\/v2\/pages"}],"about":[{"href":"https:\/\/ies6017-sal.infd.edu.ar\/sitio\/wp-json\/wp\/v2\/types\/page"}],"author":[{"embeddable":true,"href":"https:\/\/ies6017-sal.infd.edu.ar\/sitio\/wp-json\/wp\/v2\/users\/236"}],"replies":[{"embeddable":true,"href":"https:\/\/ies6017-sal.infd.edu.ar\/sitio\/wp-json\/wp\/v2\/comments?post=928"}],"version-history":[{"count":36,"href":"https:\/\/ies6017-sal.infd.edu.ar\/sitio\/wp-json\/wp\/v2\/pages\/928\/revisions"}],"predecessor-version":[{"id":5658,"href":"https:\/\/ies6017-sal.infd.edu.ar\/sitio\/wp-json\/wp\/v2\/pages\/928\/revisions\/5658"}],"wp:attachment":[{"href":"https:\/\/ies6017-sal.infd.edu.ar\/sitio\/wp-json\/wp\/v2\/media?parent=928"}],"curies":[{"name":"wp","href":"https:\/\/api.w.org\/{rel}","templated":true}]}}