{"id":924,"date":"2018-06-29T20:58:49","date_gmt":"2018-06-29T23:58:49","guid":{"rendered":"https:\/\/ies6017-sal.infd.edu.ar\/sitio\/becas\/"},"modified":"2020-04-02T15:07:51","modified_gmt":"2020-04-02T18:07:51","slug":"becas","status":"publish","type":"page","link":"https:\/\/ies6017-sal.infd.edu.ar\/sitio\/becas\/","title":{"rendered":"Becas"},"content":{"rendered":"<p><strong><span style=\"color: #ff0000;\">NOTICIA IMPORTANTE:<\/span><\/strong><\/p>\n<p>Becas Progresar:<\/p>\n<p><img decoding=\"async\" loading=\"lazy\" class=\"alignnone size-full wp-image-2160\" src=\"https:\/\/ies6017-sal.infd.edu.ar\/sitio\/wp-content\/uploads\/2020\/04\/IMG-20200402-WA0028.jpg\" alt=\"\" width=\"900\" height=\"900\" srcset=\"https:\/\/ies6017-sal.infd.edu.ar\/sitio\/wp-content\/uploads\/2020\/04\/IMG-20200402-WA0028.jpg 900w, https:\/\/ies6017-sal.infd.edu.ar\/sitio\/wp-content\/uploads\/2020\/04\/IMG-20200402-WA0028-500x500.jpg 500w, https:\/\/ies6017-sal.infd.edu.ar\/sitio\/wp-content\/uploads\/2020\/04\/IMG-20200402-WA0028-768x768.jpg 768w\" sizes=\"(max-width: 900px) 100vw, 900px\" \/><\/p>\n<hr \/>\n<p>Becas del Ministerio de Educaci\u00f3n de Salta para estudiantes ingresantes y para los que quisieran renovar sus becas.<br \/>\nA partir del 1 de febrero hasta el 2 de marzo del corriente a\u00f1o se habilitar\u00e1 el sistema de inscripci\u00f3n de becas on line mediante la p\u00e1gina del Ministerio. Pasamos el link para el acceso (cliquee sobre la imagen).<a href=\"http:\/\/sga.edusalta.gov.ar\/becasprovinciales\/inicio\/default.aspx\" target=\"_blank\" rel=\"noopener\"><img decoding=\"async\" loading=\"lazy\" class=\"aligncenter\" src=\"http:\/\/sga.edusalta.gov.ar\/becasprovinciales\/images\/logo\/banner.png\" alt=\"\" width=\"305\" height=\"463\" border=\"0\" \/><\/a><\/p>\n","protected":false},"excerpt":{"rendered":"<p>NOTICIA IMPORTANTE: Becas Progresar: Becas del Ministerio de Educaci\u00f3n de Salta para estudiantes ingresantes y para los que quisieran renovar sus becas. A partir del 1 de febrero hasta el 2 de marzo del corriente a\u00f1o se habilitar\u00e1 el sistema de inscripci\u00f3n de becas on line mediante la p\u00e1gina del Ministerio. Pasamos el link para &#8230; <a title=\"Becas\" class=\"read-more\" href=\"https:\/\/ies6017-sal.infd.edu.ar\/sitio\/becas\/\" aria-label=\"More on Becas\">[+]<\/a><\/p>\n","protected":false},"author":236,"featured_media":0,"parent":0,"menu_order":0,"comment_status":"closed","ping_status":"closed","template":"","meta":[],"acf":[],"_links":{"self":[{"href":"https:\/\/ies6017-sal.infd.edu.ar\/sitio\/wp-json\/wp\/v2\/pages\/924"}],"collection":[{"href":"https:\/\/ies6017-sal.infd.edu.ar\/sitio\/wp-json\/wp\/v2\/pages"}],"about":[{"href":"https:\/\/ies6017-sal.infd.edu.ar\/sitio\/wp-json\/wp\/v2\/types\/page"}],"author":[{"embeddable":true,"href":"https:\/\/ies6017-sal.infd.edu.ar\/sitio\/wp-json\/wp\/v2\/users\/236"}],"replies":[{"embeddable":true,"href":"https:\/\/ies6017-sal.infd.edu.ar\/sitio\/wp-json\/wp\/v2\/comments?post=924"}],"version-history":[{"count":4,"href":"https:\/\/ies6017-sal.infd.edu.ar\/sitio\/wp-json\/wp\/v2\/pages\/924\/revisions"}],"predecessor-version":[{"id":2165,"href":"https:\/\/ies6017-sal.infd.edu.ar\/sitio\/wp-json\/wp\/v2\/pages\/924\/revisions\/2165"}],"wp:attachment":[{"href":"https:\/\/ies6017-sal.infd.edu.ar\/sitio\/wp-json\/wp\/v2\/media?parent=924"}],"curies":[{"name":"wp","href":"https:\/\/api.w.org\/{rel}","templated":true}]}}