{"id":892,"date":"2018-06-29T20:58:39","date_gmt":"2018-06-29T23:58:39","guid":{"rendered":"https:\/\/ies6017-sal.infd.edu.ar\/sitio\/profesorado-de-biologia\/"},"modified":"2023-02-20T12:08:15","modified_gmt":"2023-02-20T15:08:15","slug":"profesorado-de-biologia","status":"publish","type":"page","link":"https:\/\/ies6017-sal.infd.edu.ar\/sitio\/profesorado-de-biologia\/","title":{"rendered":"Profesorado de Biolog\u00eda"},"content":{"rendered":"<h2 style=\"text-align: center;\"><img decoding=\"async\" loading=\"lazy\" class=\"size-medium wp-image-3340 aligncenter\" src=\"https:\/\/ies6017-sal.infd.edu.ar\/sitio\/wp-content\/uploads\/2021\/11\/3-1000x333.jpg\" alt=\"\" width=\"1000\" height=\"333\" srcset=\"https:\/\/ies6017-sal.infd.edu.ar\/sitio\/wp-content\/uploads\/2021\/11\/3-1000x333.jpg 1000w, https:\/\/ies6017-sal.infd.edu.ar\/sitio\/wp-content\/uploads\/2021\/11\/3-768x256.jpg 768w, https:\/\/ies6017-sal.infd.edu.ar\/sitio\/wp-content\/uploads\/2021\/11\/3-1536x512.jpg 1536w, https:\/\/ies6017-sal.infd.edu.ar\/sitio\/wp-content\/uploads\/2021\/11\/3.jpg 1800w\" sizes=\"(max-width: 1000px) 100vw, 1000px\" \/><\/h2>\n<table width=\"880\">\n<tbody>\n<tr>\n<td width=\"196\"><strong>Duraci\u00f3n de la carrera<\/strong><\/td>\n<td width=\"684\">4 a\u00f1os<\/td>\n<\/tr>\n<tr>\n<td><strong>Introducci\u00f3n<\/strong><\/td>\n<td style=\"text-align: justify;\" width=\"684\">Se aspira a formar un\/a profesor\/a para la Educaci\u00f3n Secundaria que sea un profesional comprometido con la disciplina y su ense\u00f1anza, mediador intercultural, animador de una comunidad educativa, promotor del respeto a la vida y a la ley en una sociedad democr\u00e1tica y que desde una comprensi\u00f3n real de la disciplina, logre contribuir a formar ciudadanos cient\u00edficamente alfabetizados.<\/td>\n<\/tr>\n<tr>\n<td><strong>Objetivos de Formaci\u00f3n<\/strong><\/td>\n<td style=\"text-align: justify;\" width=\"684\">Se pretende formar un docente con capacidad de: * Contextualizar las intervenciones de ense\u00f1anza en pos de encontrar diferentes y mejores formas de posibilitar los aprendizajes de los alumnos. * Concebir y desarrollar dispositivos pedag\u00f3gicos para la diversidad asentados sobre la confianza en las posibilidades de aprender de los alumnos. * Involucrar activamente a los alumnos en sus aprendizajes, acompa\u00f1\u00e1ndolos en sus procesos personales y grupales, identificando tanto los factores que lo potencian como los obst\u00e1culos que constituyen dificultades para el aprender. *Analizar la pr\u00e1ctica cotidiana incorporando las dimensiones siempre particulares del contexto de la pr\u00e1ctica tanto a nivel organizacional como del aula, en vistas a la mejora continua de la ense\u00f1anza. *Seleccionar, emplear y elaborar recursos aplicando las tecnolog\u00edas de la informaci\u00f3n y de la comunicaci\u00f3n (TIC) como herramientas innovadoras que faciliten la ense\u00f1anza y aprendizaje de saberes actualizados.<\/td>\n<\/tr>\n<\/tbody>\n<\/table>\n<p><a href=\"https:\/\/ies6017-sal.infd.edu.ar\/sitio\/profesorado-de-biologia\/plan-de-estudios-6\/\" target=\"_blank\" rel=\"noopener\"><img decoding=\"async\" loading=\"lazy\" class=\"aligncenter wp-image-3766\" src=\"https:\/\/ies6017-sal.infd.edu.ar\/sitio\/wp-content\/uploads\/2021\/12\/Plan-de-Estudio.jpg\" alt=\"\" width=\"202\" height=\"59\" \/><\/a><\/p>\n<h2 style=\"text-align: center;\"><iframe loading=\"lazy\" width=\"560\" height=\"315\" src=\"https:\/\/www.youtube.com\/embed\/G8gmzWusozo\" title=\"YouTube video player\" frameborder=\"0\" allow=\"accelerometer; autoplay; clipboard-write; encrypted-media; gyroscope; picture-in-picture\" allowfullscreen><\/iframe><\/h2>\n","protected":false},"excerpt":{"rendered":"<p>Duraci\u00f3n de la carrera 4 a\u00f1os Introducci\u00f3n Se aspira a formar un\/a profesor\/a para la Educaci\u00f3n Secundaria que sea un profesional comprometido con la disciplina y su ense\u00f1anza, mediador intercultural, animador de una comunidad educativa, promotor del respeto a la vida y a la ley en una sociedad democr\u00e1tica y que desde una comprensi\u00f3n real &#8230; <a title=\"Profesorado de Biolog\u00eda\" class=\"read-more\" href=\"https:\/\/ies6017-sal.infd.edu.ar\/sitio\/profesorado-de-biologia\/\" aria-label=\"More on Profesorado de Biolog\u00eda\">[+]<\/a><\/p>\n","protected":false},"author":236,"featured_media":0,"parent":0,"menu_order":2,"comment_status":"closed","ping_status":"closed","template":"","meta":[],"acf":[],"_links":{"self":[{"href":"https:\/\/ies6017-sal.infd.edu.ar\/sitio\/wp-json\/wp\/v2\/pages\/892"}],"collection":[{"href":"https:\/\/ies6017-sal.infd.edu.ar\/sitio\/wp-json\/wp\/v2\/pages"}],"about":[{"href":"https:\/\/ies6017-sal.infd.edu.ar\/sitio\/wp-json\/wp\/v2\/types\/page"}],"author":[{"embeddable":true,"href":"https:\/\/ies6017-sal.infd.edu.ar\/sitio\/wp-json\/wp\/v2\/users\/236"}],"replies":[{"embeddable":true,"href":"https:\/\/ies6017-sal.infd.edu.ar\/sitio\/wp-json\/wp\/v2\/comments?post=892"}],"version-history":[{"count":21,"href":"https:\/\/ies6017-sal.infd.edu.ar\/sitio\/wp-json\/wp\/v2\/pages\/892\/revisions"}],"predecessor-version":[{"id":5662,"href":"https:\/\/ies6017-sal.infd.edu.ar\/sitio\/wp-json\/wp\/v2\/pages\/892\/revisions\/5662"}],"wp:attachment":[{"href":"https:\/\/ies6017-sal.infd.edu.ar\/sitio\/wp-json\/wp\/v2\/media?parent=892"}],"curies":[{"name":"wp","href":"https:\/\/api.w.org\/{rel}","templated":true}]}}

Profesorado de Biología

<h2 style="text-align: center;"><img decoding="async" loading="lazy" class="size-medium wp-image-3340 aligncenter" src="https://ies6017-sal.infd.edu.ar/sitio/wp-content/uploads/2021/11/3-1000x333.jpg" alt="" width="1000" height="333" srcset="https://ies6017-sal.infd.edu.ar/sitio/wp-content/uploads/2021/11/3-1000x333.jpg 1000w, https://ies6017-sal.infd.edu.ar/sitio/wp-content/uploads/2021/11/3-768x256.jpg 768w, https://ies6017-sal.infd.edu.ar/sitio/wp-content/uploads/2021/11/3-1536x512.jpg 1536w, https://ies6017-sal.infd.edu.ar/sitio/wp-content/uploads/2021/11/3.jpg 1800w" sizes="(max-width: 1000px) 100vw, 1000px" /></h2>
<table width="880">
<tbody>
<tr>
<td width="196"><strong>Duración de la carrera</strong></td>
<td width="684">4 años</td>
</tr>
<tr>
<td><strong>Introducción</strong></td>
<td style="text-align: justify;" width="684">Se aspira a formar un/a profesor/a para la Educación Secundaria que sea un profesional comprometido con la disciplina y su enseñanza, mediador intercultural, animador de una comunidad educativa, promotor del respeto a la vida y a la ley en una sociedad democrática y que desde una comprensión real de la disciplina, logre contribuir a formar ciudadanos científicamente alfabetizados.</td>
</tr>
<tr>
<td><strong>Objetivos de Formación</strong></td>
<td style="text-align: justify;" width="684">Se pretende formar un docente con capacidad de: * Contextualizar las intervenciones de enseñanza en pos de encontrar diferentes y mejores formas de posibilitar los aprendizajes de los alumnos. * Concebir y desarrollar dispositivos pedagógicos para la diversidad asentados sobre la confianza en las posibilidades de aprender de los alumnos. * Involucrar activamente a los alumnos en sus aprendizajes, acompañándolos en sus procesos personales y grupales, identificando tanto los factores que lo potencian como los obstáculos que constituyen dificultades para el aprender. *Analizar la práctica cotidiana incorporando las dimensiones siempre particulares del contexto de la práctica tanto a nivel organizacional como del aula, en vistas a la mejora continua de la enseñanza. *Seleccionar, emplear y elaborar recursos aplicando las tecnologías de la información y de la comunicación (TIC) como herramientas innovadoras que faciliten la enseñanza y aprendizaje de saberes actualizados.</td>
</tr>
</tbody>
</table>
<p><a href="https://ies6017-sal.infd.edu.ar/sitio/profesorado-de-biologia/plan-de-estudios-6/" target="_blank" rel="noopener"><img decoding="async" loading="lazy" class="aligncenter wp-image-3766" src="https://ies6017-sal.infd.edu.ar/sitio/wp-content/uploads/2021/12/Plan-de-Estudio.jpg" alt="" width="202" height="59" /></a></p>
<h2 style="text-align: center;"><iframe loading="lazy" width="560" height="315" src="https://www.youtube.com/embed/G8gmzWusozo" title="YouTube video player" frameborder="0" allow="accelerometer; autoplay; clipboard-write; encrypted-media; gyroscope; picture-in-picture" allowfullscreen></iframe></h2>

<p>Duración de la carrera 4 años Introducción Se aspira a formar un/a profesor/a para la Educación Secundaria que sea un profesional comprometido con la disciplina y su enseñanza, mediador intercultural, animador de una comunidad educativa, promotor del respeto a la vida y a la ley en una sociedad democrática y que desde una comprensión real &#8230; <a title="Profesorado de Biología" class="read-more" href="https://ies6017-sal.infd.edu.ar/sitio/profesorado-de-biologia/" aria-label="More on Profesorado de Biología">[+]</a></p>
