{"id":888,"date":"2018-06-29T20:58:38","date_gmt":"2018-06-29T23:58:38","guid":{"rendered":"https:\/\/ies6017-sal.infd.edu.ar\/sitio\/profesorado-de-ed-fisica\/"},"modified":"2019-10-30T22:38:59","modified_gmt":"2019-10-31T01:38:59","slug":"profesorado-de-ed-fisica","status":"publish","type":"page","link":"https:\/\/ies6017-sal.infd.edu.ar\/sitio\/profesorado-de-ed-fisica\/","title":{"rendered":"Prof. de Matem\u00e1tica"},"content":{"rendered":"<p><img decoding=\"async\" loading=\"lazy\" class=\"aligncenter wp-image-1919\" src=\"https:\/\/ies6017-sal.infd.edu.ar\/sitio\/wp-content\/uploads\/2019\/10\/images-7.jpeg\" alt=\"\" width=\"138\" height=\"138\" \/><\/p>\n<h4 style=\"text-align: center;\">Profesorado de Educaci\u00f3n\u00a0Secundaria en Matem\u00e1tica<\/h4>\n<table width=\"700\">\n<tbody>\n<tr>\n<td width=\"196\"><strong>Duraci\u00f3n de la carrera<\/strong><\/td>\n<td width=\"504\">4 A\u00f1os<\/td>\n<\/tr>\n<tr>\n<td><strong>Objetivos de Formaci\u00f3n<\/strong><\/td>\n<td width=\"504\">Se pretende formar un docente con capacidad de:<\/p>\n<p>*Contribuir al fortalecimiento de la Educaci\u00f3n Secundaria de nuestra provincia, entendida \u00e9sta como una Unidad Pedag\u00f3gica y como un factor estrat\u00e9gico para garantizar la equidad y la inclusi\u00f3n social, a trav\u00e9s de la Formaci\u00f3n Inicial de Profesores de Educaci\u00f3n Secundaria en las diversas disciplinas.<\/p>\n<p>*Preparar profesionales capaces de ense\u00f1ar, generar y transmitir los conocimientos y valores necesarios para la formaci\u00f3n integral de las personas, el desarrollo nacional y la construcci\u00f3n de una sociedad m\u00e1s justa.<\/p>\n<p>*Promover a la construcci\u00f3n de una identidad docente basado en la autonom\u00eda profesional, el v\u00ednculo con la cultura y la sociedad contempor\u00e1nea, el trabajo en equipo, el compromiso con la igualdad y la confianza en las posibilidades de aprendizaje de los\/as alumnos\/as.<\/p>\n<p>*Favorecer el an\u00e1lisis y la reflexi\u00f3n sobre las trayectorias formativas y las condiciones de construcci\u00f3n de una identidad profesional.<\/p>\n<p>*Brindar una formaci\u00f3n ciudadana comprometida con los valores \u00e9ticos y democr\u00e1ticos de participaci\u00f3n, libertad, solidaridad, respeto a los derechos humanos, responsabilidad, honestidad, valoraci\u00f3n y preservaci\u00f3n del patrimonio natural y cultural.<\/p>\n<p>*Comprender al sujeto a quien va dirigida la ense\u00f1anza, en sus dimensiones subjetivas, psicol\u00f3gicas, cognitivas, afectivas y socioculturales.<\/p>\n<p>*Enriquecer el capital cultural de \u00a1os futuros docentes disciplinares del Nivel Secundario, especialmente en el campo de la ciencia, entendiendo al estudiante en formaci\u00f3n como trabajador, transmisor y recreado, de la cultura t\u00e9cnico-cient\u00edfica.<\/td>\n<\/tr>\n<\/tbody>\n<\/table>\n","protected":false},"excerpt":{"rendered":"<p>Profesorado de Educaci\u00f3n\u00a0Secundaria en Matem\u00e1tica Duraci\u00f3n de la carrera 4 A\u00f1os Objetivos de Formaci\u00f3n Se pretende formar un docente con capacidad de: *Contribuir al fortalecimiento de la Educaci\u00f3n Secundaria de nuestra provincia, entendida \u00e9sta como una Unidad Pedag\u00f3gica y como un factor estrat\u00e9gico para garantizar la equidad y la inclusi\u00f3n social, a trav\u00e9s de la &#8230; <a title=\"Prof. de Matem\u00e1tica\" class=\"read-more\" href=\"https:\/\/ies6017-sal.infd.edu.ar\/sitio\/profesorado-de-ed-fisica\/\" aria-label=\"More on Prof. de Matem\u00e1tica\">[+]<\/a><\/p>\n","protected":false},"author":236,"featured_media":0,"parent":0,"menu_order":0,"comment_status":"closed","ping_status":"closed","template":"","meta":[],"acf":[],"_links":{"self":[{"href":"https:\/\/ies6017-sal.infd.edu.ar\/sitio\/wp-json\/wp\/v2\/pages\/888"}],"collection":[{"href":"https:\/\/ies6017-sal.infd.edu.ar\/sitio\/wp-json\/wp\/v2\/pages"}],"about":[{"href":"https:\/\/ies6017-sal.infd.edu.ar\/sitio\/wp-json\/wp\/v2\/types\/page"}],"author":[{"embeddable":true,"href":"https:\/\/ies6017-sal.infd.edu.ar\/sitio\/wp-json\/wp\/v2\/users\/236"}],"replies":[{"embeddable":true,"href":"https:\/\/ies6017-sal.infd.edu.ar\/sitio\/wp-json\/wp\/v2\/comments?post=888"}],"version-history":[{"count":10,"href":"https:\/\/ies6017-sal.infd.edu.ar\/sitio\/wp-json\/wp\/v2\/pages\/888\/revisions"}],"predecessor-version":[{"id":1977,"href":"https:\/\/ies6017-sal.infd.edu.ar\/sitio\/wp-json\/wp\/v2\/pages\/888\/revisions\/1977"}],"wp:attachment":[{"href":"https:\/\/ies6017-sal.infd.edu.ar\/sitio\/wp-json\/wp\/v2\/media?parent=888"}],"curies":[{"name":"wp","href":"https:\/\/api.w.org\/{rel}","templated":true}]}}