{"id":7432,"date":"2024-01-24T12:05:10","date_gmt":"2024-01-24T15:05:10","guid":{"rendered":"https:\/\/ies6017-sal.infd.edu.ar\/sitio\/?page_id=7432"},"modified":"2024-01-27T11:22:12","modified_gmt":"2024-01-27T14:22:12","slug":"tecnicatura-sup-en-analisis-de-sistemas","status":"publish","type":"page","link":"https:\/\/ies6017-sal.infd.edu.ar\/sitio\/tecnicatura-sup-en-analisis-de-sistemas\/","title":{"rendered":"Tecnicatura Sup. en An\u00e1lisis de Sistemas"},"content":{"rendered":"\n<div class=\"wp-block-cover alignfull\" style=\"min-height:120px\"><span aria-hidden=\"true\" class=\"wp-block-cover__background has-base-2-background-color has-background-dim-0 has-background-dim\"><\/span><div class=\"wp-block-cover__inner-container\">\n<h2 class=\"wp-block-heading has-text-align-center\"><img decoding=\"async\" loading=\"lazy\" width=\"674\" height=\"219\" class=\"wp-image-6637\" style=\"width: 350px;\" src=\"https:\/\/ies6017-sal.infd.edu.ar\/sitio\/wp-content\/uploads\/2023\/11\/Recurso-25.png\" alt=\"\"><\/h2>\n<\/div><\/div>\n\n\n\n<h2 class=\"wp-block-heading has-text-align-center has-contrast-2-color has-text-color\" style=\"letter-spacing:10px;text-transform:uppercase\">tecnicatura superior en analisis en sistema con orientaci\u00f3n en redes inform\u00e1ticas<\/h2>\n\n\n\n<div style=\"height:25px\" aria-hidden=\"true\" class=\"wp-block-spacer\"><\/div>\n\n\n\n<figure class=\"wp-block-table is-style-stripes\"><table><tbody><tr><td><strong>Duraci\u00f3n de la Carrera<\/strong><\/td><td>3 A\u00f1os<\/td><\/tr><tr><td><strong>T\u00edtulo<\/strong><\/td><td>T\u00e9cnico Superior en Analista en sistemas con orientaci\u00f3n en redes inform\u00e1ticas.<\/td><\/tr><tr><td><strong>Objetivos de la Formaci\u00f3n<\/strong><\/td><td style=\"text-align: justify;\">*Dise\u00f1ar aplicaciones amigables en entornos visuales, en los diferentes paradigmas de programaci\u00f3n.<br><\/br>*Dise\u00f1ar sistemas de informaci\u00f3n utilizando enfoques estructurados.<br><\/br>*Llevar a cabo tareas de instalaci\u00f3n, configuraci\u00f3n, mantenimiento y administraci\u00f3n &#8216;de equipos PC y redes inform\u00e1ticas en general.<br><\/br>*Efectuar asesoramiento t\u00e9cnico sobre especificaciones y costos de computadora, redes y equipos en general.<\/td><\/tr><\/tbody><\/table><\/figure>\n\n\n\n<div class=\"wp-block-cover is-light\" style=\"min-height:144px\"><span aria-hidden=\"true\" class=\"wp-block-cover__background has-background-dim-100 has-background-dim\" style=\"background-color:#eb5b28\"><\/span><div class=\"wp-block-cover__inner-container\">\n<div class=\"wp-block-buttons is-content-justification-center is-layout-flex wp-container-1\">\n<div class=\"wp-block-button has-custom-font-size is-style-fill has-medium-font-size\"><a class=\"wp-block-button__link has-background wp-element-button\" href=\"https:\/\/ies6017-sal.infd.edu.ar\/sitio\/plan-de-estudio-analisis-sist\/\" style=\"background-color:#eb5b28\" target=\"_blank\" rel=\"noreferrer noopener\"><strong>PLAN DE ESTUDIO<\/strong><\/a><\/div>\n<\/div>\n<\/div><\/div>\n\n\n\n<h2 style=\"text-align: center;\"><iframe loading=\"lazy\" title=\"YouTube video player\" src=\"https:\/\/www.youtube.com\/embed\/G5AHFKYLe_Q\" width=\"560\" height=\"315\" frameborder=\"0\" allowfullscreen=\"allowfullscreen\"><\/iframe><\/h2>\n","protected":false},"excerpt":{"rendered":"<p>tecnicatura superior en analisis en sistema con orientaci\u00f3n en redes inform\u00e1ticas Duraci\u00f3n de la Carrera 3 A\u00f1os T\u00edtulo T\u00e9cnico Superior en Analista en sistemas con orientaci\u00f3n en redes inform\u00e1ticas. Objetivos de la Formaci\u00f3n *Dise\u00f1ar aplicaciones amigables en entornos visuales, en los diferentes paradigmas de programaci\u00f3n.*Dise\u00f1ar sistemas de informaci\u00f3n utilizando enfoques estructurados.*Llevar a cabo tareas de &#8230; <a title=\"Tecnicatura Sup. en An\u00e1lisis de Sistemas\" class=\"read-more\" href=\"https:\/\/ies6017-sal.infd.edu.ar\/sitio\/tecnicatura-sup-en-analisis-de-sistemas\/\" aria-label=\"More on Tecnicatura Sup. en An\u00e1lisis de Sistemas\">[+]<\/a><\/p>\n","protected":false},"author":3120,"featured_media":0,"parent":0,"menu_order":0,"comment_status":"closed","ping_status":"closed","template":"","meta":[],"acf":[],"_links":{"self":[{"href":"https:\/\/ies6017-sal.infd.edu.ar\/sitio\/wp-json\/wp\/v2\/pages\/7432"}],"collection":[{"href":"https:\/\/ies6017-sal.infd.edu.ar\/sitio\/wp-json\/wp\/v2\/pages"}],"about":[{"href":"https:\/\/ies6017-sal.infd.edu.ar\/sitio\/wp-json\/wp\/v2\/types\/page"}],"author":[{"embeddable":true,"href":"https:\/\/ies6017-sal.infd.edu.ar\/sitio\/wp-json\/wp\/v2\/users\/3120"}],"replies":[{"embeddable":true,"href":"https:\/\/ies6017-sal.infd.edu.ar\/sitio\/wp-json\/wp\/v2\/comments?post=7432"}],"version-history":[{"count":2,"href":"https:\/\/ies6017-sal.infd.edu.ar\/sitio\/wp-json\/wp\/v2\/pages\/7432\/revisions"}],"predecessor-version":[{"id":7479,"href":"https:\/\/ies6017-sal.infd.edu.ar\/sitio\/wp-json\/wp\/v2\/pages\/7432\/revisions\/7479"}],"wp:attachment":[{"href":"https:\/\/ies6017-sal.infd.edu.ar\/sitio\/wp-json\/wp\/v2\/media?parent=7432"}],"curies":[{"name":"wp","href":"https:\/\/api.w.org\/{rel}","templated":true}]}}