{"id":7417,"date":"2024-01-24T00:09:45","date_gmt":"2024-01-24T03:09:45","guid":{"rendered":"https:\/\/ies6017-sal.infd.edu.ar\/sitio\/?page_id=7417"},"modified":"2024-10-26T20:45:41","modified_gmt":"2024-10-26T23:45:41","slug":"tecnicatura-superior-en-laboratorio","status":"publish","type":"page","link":"https:\/\/ies6017-sal.infd.edu.ar\/sitio\/tecnicatura-superior-en-laboratorio\/","title":{"rendered":"Tecnicatura Superior en Laboratorio"},"content":{"rendered":"\n<div class=\"wp-block-cover alignfull\" style=\"min-height:120px\"><span aria-hidden=\"true\" class=\"wp-block-cover__background has-base-2-background-color has-background-dim-0 has-background-dim\"><\/span><div class=\"wp-block-cover__inner-container\">\n<h2 class=\"wp-block-heading has-text-align-center\"><img decoding=\"async\" loading=\"lazy\" width=\"674\" height=\"219\" class=\"wp-image-6637\" style=\"width: 350px;\" src=\"https:\/\/ies6017-sal.infd.edu.ar\/sitio\/wp-content\/uploads\/2023\/11\/Recurso-25.png\" alt=\"\"><\/h2>\n<\/div><\/div>\n\n\n\n<h2 class=\"wp-block-heading has-text-align-center has-contrast-2-color has-text-color\" style=\"letter-spacing:10px;text-transform:uppercase\">tecnicatura superior en laboratorio<\/h2>\n\n\n\n<figure class=\"wp-block-table is-style-stripes\"><table><tbody><tr><td><strong>Duraci\u00f3n de la Carrera<\/strong><\/td><td>3 A\u00f1os<\/td><\/tr><tr><td><strong>T\u00edtulo<\/strong><\/td><td>T\u00e9cnico Superior en Laboratorio<\/td><\/tr><tr><td><strong>Objetivos de la Formaci\u00f3n<\/strong><\/td><td style=\"text-align: justify;\">*Formar t\u00e9cnicos con s\u00f3lidos conocimientos dentro del contexto de laboratorio, capaces de integrar formaci\u00f3n de base a los nuevos conocimientos proporcionados por la carrera<br><\/br>\n*Generar un esp\u00edritu cr\u00edtico y creativo para afrontar una mirada innovadora los desaf\u00edos profesionales que surjan en el \u00e1mbito laboral<br><\/br>\n*Formar profesionales comprometidos con el cuidado del medio ambiente, considerando el rol crucial que protagonizan la adecuada gesti\u00f3n de los productos qu\u00edmicos y biol\u00f3gicos manipulados y utilizados en el laboratorio.<br><\/br>\n*Formar profesionales con una visi\u00f3n amplia de las actividades que involucran el \u00e1mbito del trabajo en un laboratorio.<br><\/br>\n*Formar profesionales con destrezas formales y f\u00e1cticas para la gesti\u00f3n de un laboratorio desde el aspecto administrativo y t\u00e9cnico.<br><\/br>\n*Formar profesionales conocedores de los avances tecnol\u00f3gicos y el uso de la informatizaci\u00f3n en la actividad de an\u00e1lisis qu\u00edmico y bioqu\u00edmico.<br><\/br>\n<\/td><\/tr><\/tbody><\/table><\/figure>\n\n\n\n<div class=\"wp-block-cover is-light\" style=\"min-height:144px\"><span aria-hidden=\"true\" class=\"wp-block-cover__background has-background-dim-100 has-background-dim\" style=\"background-color:#eb5b28\"><\/span><div class=\"wp-block-cover__inner-container\">\n<div class=\"wp-block-buttons is-content-justification-center is-layout-flex wp-container-1\">\n<div class=\"wp-block-button has-custom-font-size is-style-fill has-medium-font-size\"><a class=\"wp-block-button__link has-background wp-element-button\" href=\"https:\/\/ies6017-sal.infd.edu.ar\/sitio\/plan-de-estudios-laboratorio\/\" style=\"background-color:#eb5b28\" target=\"_blank\" rel=\"noreferrer noopener\"><strong>PLAN DE ESTUDIO<\/strong><\/a><\/div>\n<\/div>\n<\/div><\/div>\n\n\n\n<div class=\"wp-block-cover is-light\" style=\"min-height:144px\"><span aria-hidden=\"true\" class=\"wp-block-cover__background has-background-dim-100 has-background-dim\" style=\"background-color:#e29f4b\"><\/span><div class=\"wp-block-cover__inner-container\">\n<div class=\"wp-block-buttons is-content-justification-center is-layout-flex wp-container-2\">\n<div class=\"wp-block-button has-custom-font-size is-style-fill has-medium-font-size\"><a class=\"wp-block-button__link has-background wp-element-button\" href=\"https:\/\/ies6017-sal.infd.edu.ar\/sitio\/wp-content\/uploads\/2024\/10\/Plan-de-correlatividades-Laboratorio.pdf\" style=\"background-color:#e29f4b\" target=\"_blank\" rel=\"noreferrer noopener\"><strong>CORRELATIVIDADES<\/strong><\/a><\/div>\n<\/div>\n<\/div><\/div>\n\n\n\n<div style=\"height:25px\" aria-hidden=\"true\" class=\"wp-block-spacer\"><\/div>\n","protected":false},"excerpt":{"rendered":"<p>tecnicatura superior en laboratorio Duraci\u00f3n de la Carrera 3 A\u00f1os T\u00edtulo T\u00e9cnico Superior en Laboratorio Objetivos de la Formaci\u00f3n *Formar t\u00e9cnicos con s\u00f3lidos conocimientos dentro del contexto de laboratorio, capaces de integrar formaci\u00f3n de base a los nuevos conocimientos proporcionados por la carrera *Generar un esp\u00edritu cr\u00edtico y creativo para afrontar una mirada innovadora los &#8230; <a title=\"Tecnicatura Superior en Laboratorio\" class=\"read-more\" href=\"https:\/\/ies6017-sal.infd.edu.ar\/sitio\/tecnicatura-superior-en-laboratorio\/\" aria-label=\"More on Tecnicatura Superior en Laboratorio\">[+]<\/a><\/p>\n","protected":false},"author":3120,"featured_media":0,"parent":0,"menu_order":0,"comment_status":"closed","ping_status":"closed","template":"","meta":[],"acf":[],"_links":{"self":[{"href":"https:\/\/ies6017-sal.infd.edu.ar\/sitio\/wp-json\/wp\/v2\/pages\/7417"}],"collection":[{"href":"https:\/\/ies6017-sal.infd.edu.ar\/sitio\/wp-json\/wp\/v2\/pages"}],"about":[{"href":"https:\/\/ies6017-sal.infd.edu.ar\/sitio\/wp-json\/wp\/v2\/types\/page"}],"author":[{"embeddable":true,"href":"https:\/\/ies6017-sal.infd.edu.ar\/sitio\/wp-json\/wp\/v2\/users\/3120"}],"replies":[{"embeddable":true,"href":"https:\/\/ies6017-sal.infd.edu.ar\/sitio\/wp-json\/wp\/v2\/comments?post=7417"}],"version-history":[{"count":5,"href":"https:\/\/ies6017-sal.infd.edu.ar\/sitio\/wp-json\/wp\/v2\/pages\/7417\/revisions"}],"predecessor-version":[{"id":7883,"href":"https:\/\/ies6017-sal.infd.edu.ar\/sitio\/wp-json\/wp\/v2\/pages\/7417\/revisions\/7883"}],"wp:attachment":[{"href":"https:\/\/ies6017-sal.infd.edu.ar\/sitio\/wp-json\/wp\/v2\/media?parent=7417"}],"curies":[{"name":"wp","href":"https:\/\/api.w.org\/{rel}","templated":true}]}}