{"id":6907,"date":"2023-12-14T21:34:14","date_gmt":"2023-12-15T00:34:14","guid":{"rendered":"https:\/\/ies6017-sal.infd.edu.ar\/sitio\/?page_id=6907"},"modified":"2025-12-17T19:40:38","modified_gmt":"2025-12-17T22:40:38","slug":"datos-institucionales-sirolli","status":"publish","type":"page","link":"https:\/\/ies6017-sal.infd.edu.ar\/sitio\/datos-institucionales-sirolli\/","title":{"rendered":"Datos Institucionales Sirolli"},"content":{"rendered":"\n<div class=\"wp-block-cover alignfull\" style=\"min-height:120px\"><span aria-hidden=\"true\" class=\"wp-block-cover__background has-base-2-background-color has-background-dim-0 has-background-dim\"><\/span><div class=\"wp-block-cover__inner-container\">\n<h2 class=\"wp-block-heading has-text-align-center\"><img decoding=\"async\" loading=\"lazy\" width=\"674\" height=\"219\" class=\"wp-image-6637\" style=\"width: 350px;\" src=\"https:\/\/ies6017-sal.infd.edu.ar\/sitio\/wp-content\/uploads\/2023\/11\/Recurso-25.png\" alt=\"\"><\/h2>\n<\/div><\/div>\n\n\n\n<h2 class=\"wp-block-heading has-text-align-center has-contrast-2-color has-text-color\" style=\"letter-spacing:10px;text-transform:uppercase\">datos institucionales<\/h2>\n\n\n\n<div class=\"wp-block-columns is-layout-flex wp-container-3\">\n<div class=\"wp-block-column is-layout-flow\">\n<div class=\"wp-block-cover\" style=\"min-height:50px\"><span aria-hidden=\"true\" class=\"wp-block-cover__background has-base-2-background-color has-background-dim-100 has-background-dim\"><\/span><div class=\"wp-block-cover__inner-container\">\n<h2 class=\"wp-block-heading has-text-align-center has-text-color has-large-font-size\" style=\"color:#175ba7;letter-spacing:10px\">Sede<\/h2>\n\n\n\n<p class=\"has-text-align-center has-contrast-2-color has-text-color\"><strong>Horario de Atenci\u00f3n: 19 a 23hs<\/strong><\/p>\n<\/div><\/div>\n\n\n\n<figure class=\"wp-block-table is-style-stripes\"><table class=\"has-base-3-background-color has-background\"><tbody><tr><td class=\"has-text-align-center\" data-align=\"center\"><img decoding=\"async\" loading=\"lazy\" width=\"62\" height=\"63\" class=\"wp-image-7094\" style=\"width: 50px;\" src=\"https:\/\/ies6017-sal.infd.edu.ar\/sitio\/wp-content\/uploads\/2023\/12\/Recurso-4.png\" alt=\"\"><\/td><td>Sarmiento 351, Gral. G\u00fcemes, Salta &#8211; CP A4430<\/td><\/tr><tr><td class=\"has-text-align-center\" data-align=\"center\"><img decoding=\"async\" src=\"https:\/\/ies6017-sal.infd.edu.ar\/sitio\/wp-content\/uploads\/2023\/12\/Recurso-5.png\" alt=\"\" style=\"width: 50px;\"><\/td><td>iesarsirolli6017@sirolli.edu.ar<\/td><\/tr><\/tbody><\/table><\/figure>\n<\/div>\n\n\n\n<div class=\"wp-block-column is-layout-flow\">\n<div class=\"wp-block-cover\" style=\"min-height:50px\"><span aria-hidden=\"true\" class=\"wp-block-cover__background has-base-2-background-color has-background-dim-100 has-background-dim\"><\/span><div class=\"wp-block-cover__inner-container\">\n<h2 class=\"wp-block-heading has-text-align-center has-text-color has-large-font-size\" style=\"color:#175ba7;letter-spacing:10px\">Anexo<\/h2>\n\n\n\n<p class=\"has-text-align-center has-contrast-2-color has-text-color\"><strong>Horario de Atenci\u00f3n: 19 a 23hs<\/strong><\/p>\n<\/div><\/div>\n\n\n\n<figure class=\"wp-block-table is-style-stripes\"><table class=\"has-base-3-background-color has-background\"><tbody><tr><td class=\"has-text-align-center\" data-align=\"center\"><img decoding=\"async\" loading=\"lazy\" width=\"62\" height=\"63\" class=\"wp-image-7094\" style=\"width: 50px;\" src=\"https:\/\/ies6017-sal.infd.edu.ar\/sitio\/wp-content\/uploads\/2023\/12\/Recurso-4.png\" alt=\"\"><\/td><td>Rep\u00fablica de Siria S\/N<\/td><\/tr><tr><td class=\"has-text-align-center\" data-align=\"center\"><img decoding=\"async\" loading=\"lazy\" width=\"69\" height=\"69\" class=\"wp-image-7095\" style=\"width: 50px;\" src=\"https:\/\/ies6017-sal.infd.edu.ar\/sitio\/wp-content\/uploads\/2023\/12\/Recurso-5.png\" alt=\"\"><\/td><td>anexosirolli6017@gmail.com<\/td><\/tr><\/tbody><\/table><\/figure>\n\n\n\n<p><\/p>\n<\/div>\n<\/div>\n\n\n\n<h4 class=\"wp-block-heading has-text-color\" style=\"color:#175ba7;letter-spacing:5px\">Ubicaci\u00f3n de Sede <\/h4>\n\n\n<p style=\"text-align: justify;\">El I.E.S. N\u00b0 6017 \u201cProf. Amadeo R. Sirolli\u201d representa&nbsp; la \u00fanica oferta educativa en el nivel Superior No Universitario estatal que ofrece el Departamento de Gral. G\u00fcemes. Ubicado en la zona c\u00e9ntrica de la&nbsp; ciudad de Gral. G\u00fcemes, comparte edificio con el Colegio Secundario N\u00ba5085 a 3 cuadras de la Terminal de \u00f3mnibus. En este sentido, debe destacarse como positiva la ubicaci\u00f3n geogr\u00e1fica que tiene esta Instituci\u00f3n, ya que la misma permite el acceso r\u00e1pido del personal docente y alumnos que viajan desde otros puntos de la provincia, para concurrir a clases todo el a\u00f1o lectivo.<\/p>\n\n\n<iframe src=\"https:\/\/www.google.com\/maps\/embed?pb=!1m18!1m12!1m3!1d906.403781341676!2d-65.04983428385454!3d-24.671372725957735!2m3!1f0!2f0!3f0!3m2!1i1024!2i768!4f13.1!3m3!1m2!1s0x941a348ab9cf3701%3A0x6b6da59d4291316d!2sColegio%20Secundario%20N%E2%81%B0%205085%20Dr.%20Mariano%20Moreno!5e0!3m2!1ses!2sar!4v1687361375624!5m2!1ses!2sar\" width=\"1000\" height=\"450\" style=\"border:0;\" allowfullscreen=\"\" loading=\"lazy\" referrerpolicy=\"no-referrer-when-downgrade\"><\/iframe>\n","protected":false},"excerpt":{"rendered":"<p>datos institucionales Sarmiento 351, Gral. G\u00fcemes, Salta &#8211; CP A4430 iesarsirolli6017@sirolli.edu.ar Rep\u00fablica de Siria S\/N anexosirolli6017@gmail.com Ubicaci\u00f3n de Sede El I.E.S. N\u00b0 6017 \u201cProf. Amadeo R. Sirolli\u201d representa&nbsp; la \u00fanica oferta educativa en el nivel Superior No Universitario estatal que ofrece el Departamento de Gral. G\u00fcemes. Ubicado en la zona c\u00e9ntrica de la&nbsp; ciudad de &#8230; <a title=\"Datos Institucionales Sirolli\" class=\"read-more\" href=\"https:\/\/ies6017-sal.infd.edu.ar\/sitio\/datos-institucionales-sirolli\/\" aria-label=\"More on Datos Institucionales Sirolli\">[+]<\/a><\/p>\n","protected":false},"author":3120,"featured_media":0,"parent":0,"menu_order":0,"comment_status":"closed","ping_status":"closed","template":"","meta":[],"acf":[],"_links":{"self":[{"href":"https:\/\/ies6017-sal.infd.edu.ar\/sitio\/wp-json\/wp\/v2\/pages\/6907"}],"collection":[{"href":"https:\/\/ies6017-sal.infd.edu.ar\/sitio\/wp-json\/wp\/v2\/pages"}],"about":[{"href":"https:\/\/ies6017-sal.infd.edu.ar\/sitio\/wp-json\/wp\/v2\/types\/page"}],"author":[{"embeddable":true,"href":"https:\/\/ies6017-sal.infd.edu.ar\/sitio\/wp-json\/wp\/v2\/users\/3120"}],"replies":[{"embeddable":true,"href":"https:\/\/ies6017-sal.infd.edu.ar\/sitio\/wp-json\/wp\/v2\/comments?post=6907"}],"version-history":[{"count":3,"href":"https:\/\/ies6017-sal.infd.edu.ar\/sitio\/wp-json\/wp\/v2\/pages\/6907\/revisions"}],"predecessor-version":[{"id":8816,"href":"https:\/\/ies6017-sal.infd.edu.ar\/sitio\/wp-json\/wp\/v2\/pages\/6907\/revisions\/8816"}],"wp:attachment":[{"href":"https:\/\/ies6017-sal.infd.edu.ar\/sitio\/wp-json\/wp\/v2\/media?parent=6907"}],"curies":[{"name":"wp","href":"https:\/\/api.w.org\/{rel}","templated":true}]}}