{"id":6751,"date":"2023-12-07T18:18:36","date_gmt":"2023-12-07T21:18:36","guid":{"rendered":"https:\/\/ies6017-sal.infd.edu.ar\/sitio\/?page_id=6751"},"modified":"2023-12-07T18:18:37","modified_gmt":"2023-12-07T21:18:37","slug":"carreras-2","status":"publish","type":"page","link":"https:\/\/ies6017-sal.infd.edu.ar\/sitio\/carreras-2\/","title":{"rendered":"Carreras"},"content":{"rendered":"\n<div class=\"wp-block-cover alignfull\" style=\"min-height:120px\"><span aria-hidden=\"true\" class=\"wp-block-cover__background has-base-2-background-color has-background-dim-0 has-background-dim\"><\/span><div class=\"wp-block-cover__inner-container\">\n<h2 class=\"has-text-align-center wp-block-heading\"><img decoding=\"async\" loading=\"lazy\" width=\"674\" height=\"219\" class=\"wp-image-6637\" style=\"width: 350px;\" src=\"https:\/\/ies6017-sal.infd.edu.ar\/sitio\/wp-content\/uploads\/2023\/11\/Recurso-25.png\" alt=\"\"><\/h2>\n<\/div><\/div>\n\n\n\n<h2 class=\"alignwide wp-block-heading\" style=\"letter-spacing:10px;text-transform:uppercase\">Carreras<\/h2>\n\n\n<p style=\"text-align: justify;\">El Instituto de Ense\u00f1anza Superior N\u00b0 6017 Prof. Amadeo R. Sirolli es una instituci\u00f3n educativa p\u00fablica dependiente del Ministerio de Educaci\u00f3n, Cultura, Ciencia y Tecnolog\u00eda de la provincia de Salta. La misma cuenta con 7 carreras: 4 profesorados y 3 tecnicaturas.<\/p>\n\n\n<div style=\"width: 100%;\"><div style=\"position: relative; padding-bottom: 177.77777777777777%; padding-top: 0; height: 0;\"><iframe loading=\"lazy\" title=\"Carreras\" frameborder=\"0\" width=\"1080px\" height=\"1920px\" style=\"position: absolute; top: 0; left: 0; width: 100%; height: 100%;\" src=\"https:\/\/view.genial.ly\/656e74be8a13490014201d2e\" type=\"text\/html\" allowscriptaccess=\"always\" allowfullscreen=\"true\" scrolling=\"no\" allownetworking=\"all\"><\/iframe> <\/div> <\/div>\n","protected":false},"excerpt":{"rendered":"<p>Carreras El Instituto de Ense\u00f1anza Superior N\u00b0 6017 Prof. Amadeo R. Sirolli es una instituci\u00f3n educativa p\u00fablica dependiente del Ministerio de Educaci\u00f3n, Cultura, Ciencia y Tecnolog\u00eda de la provincia de Salta. La misma cuenta con 7 carreras: 4 profesorados y 3 tecnicaturas.<\/p>\n","protected":false},"author":3682,"featured_media":0,"parent":0,"menu_order":0,"comment_status":"closed","ping_status":"closed","template":"","meta":[],"acf":[],"_links":{"self":[{"href":"https:\/\/ies6017-sal.infd.edu.ar\/sitio\/wp-json\/wp\/v2\/pages\/6751"}],"collection":[{"href":"https:\/\/ies6017-sal.infd.edu.ar\/sitio\/wp-json\/wp\/v2\/pages"}],"about":[{"href":"https:\/\/ies6017-sal.infd.edu.ar\/sitio\/wp-json\/wp\/v2\/types\/page"}],"author":[{"embeddable":true,"href":"https:\/\/ies6017-sal.infd.edu.ar\/sitio\/wp-json\/wp\/v2\/users\/3682"}],"replies":[{"embeddable":true,"href":"https:\/\/ies6017-sal.infd.edu.ar\/sitio\/wp-json\/wp\/v2\/comments?post=6751"}],"version-history":[{"count":1,"href":"https:\/\/ies6017-sal.infd.edu.ar\/sitio\/wp-json\/wp\/v2\/pages\/6751\/revisions"}],"predecessor-version":[{"id":6753,"href":"https:\/\/ies6017-sal.infd.edu.ar\/sitio\/wp-json\/wp\/v2\/pages\/6751\/revisions\/6753"}],"wp:attachment":[{"href":"https:\/\/ies6017-sal.infd.edu.ar\/sitio\/wp-json\/wp\/v2\/media?parent=6751"}],"curies":[{"name":"wp","href":"https:\/\/api.w.org\/{rel}","templated":true}]}}