{"id":4785,"date":"2022-08-02T22:14:52","date_gmt":"2022-08-03T01:14:52","guid":{"rendered":"https:\/\/ies6017-sal.infd.edu.ar\/sitio\/?page_id=4785"},"modified":"2025-12-16T16:05:17","modified_gmt":"2025-12-16T19:05:17","slug":"inscripcion-por-materia-2-cuatrimestre","status":"publish","type":"page","link":"https:\/\/ies6017-sal.infd.edu.ar\/sitio\/inscripcion-por-materia-2-cuatrimestre\/","title":{"rendered":"Inscripci\u00f3n por materia 2\u00b0 Cuatrimestre 2025"},"content":{"rendered":"\n<div class=\"wp-block-cover alignfull\" style=\"min-height:120px\"><span aria-hidden=\"true\" class=\"wp-block-cover__background has-base-2-background-color has-background-dim-0 has-background-dim\"><\/span><div class=\"wp-block-cover__inner-container\">\n<h2 class=\"wp-block-heading has-text-align-center\"><img decoding=\"async\" loading=\"lazy\" width=\"674\" height=\"219\" class=\"wp-image-6637\" style=\"width: 350px;\" src=\"https:\/\/ies6017-sal.infd.edu.ar\/sitio\/wp-content\/uploads\/2023\/11\/Recurso-25.png\" alt=\"\"><\/h2>\n<\/div><\/div>\n\n\n\n<h4 class=\"wp-block-heading\">Inscripci\u00f3n por materia 2\u00b0 Cuatrimestre 2025<\/h4>\n\n\n\n<p>Para poder cursar los espacios curriculares del segundo cuatrimestre, los estudiantes de las distintas carreras, deben inscribirse teniendo en cuenta los siguientes requisitos:<\/p>\n\n\n\n<ol>\n<li>Inscripto en la carrera en el a\u00f1o 2025.<\/li>\n\n\n\n<li>Completar el Formulario de Actualizaci\u00f3n de datos on line, es obligatorio.<\/li>\n\n\n\n<li>Presentar el Formulario de Inscripci\u00f3n por materia del 2do cuatrimestre.<\/li>\n\n\n\n<li>Presentar libreta de estudios y DNI al momento de la inscripci\u00f3n.<\/li>\n\n\n\n<li>Aporte escolar.<\/li>\n<\/ol>\n\n\n\n<p><strong>Pasos para la inscripci\u00f3n:<\/strong><\/p>\n\n\n\n<ol>\n<li>Completar el siguiente formulario de&nbsp;<a href=\"https:\/\/forms.gle\/ec8TB4FsQwMthcUy8\" target=\"_blank\" rel=\"noreferrer noopener\">ACTUALIZACI\u00d3N DE DATOS SEDE<\/a>&nbsp;O&nbsp;<a href=\"https:\/\/forms.gle\/81AoBAg8hJfmRapJ8\" target=\"_blank\" rel=\"noreferrer noopener\">ACTUALIZACI\u00d3N DE DATOS ANEXO CAMPO SANTO.<\/a><\/li>\n\n\n\n<li>Solicitar el Formulario de Inscripci\u00f3n por Materia SEDE&nbsp;o el Formulario de Inscripci\u00f3n por Materia ANEXO CAMPO SANTO en la Biblioteca del Instituto. (Ver Orientaciones)<\/li>\n\n\n\n<li>Presentar el Formulario de inscripci\u00f3n por materia en Preceptor\u00eda.<\/li>\n<\/ol>\n\n\n\n<p><strong>Orientaciones para completar el Formulario de Inscripci\u00f3n por materia<\/strong>:<\/p>\n\n\n\n<ul>\n<li>a) Para su llenado, coloque adecuadamente el nombre de la materia como figura en el Plan de estudios, el a\u00f1o al cual corresponde y el r\u00e9gimen (2do cuatrimestre).&nbsp;<\/li>\n\n\n\n<li>b) Se debe inscribir en las materias que le permite cursar el&nbsp;<strong>Sistema de correlatividades<\/strong>&nbsp;establecidos en el Plan de estudios de su carrera.<\/li>\n\n\n\n<li>c)Al momento de inscribirse, tiene que presentar libreta de estudios y DNI.<\/li>\n<\/ul>\n\n\n\n<p><strong>Fecha<\/strong>&nbsp;<strong>para completar Formulario de Actualizaci\u00f3n de datos<\/strong>:&nbsp;<strong>desde el 02 de agosto al 6 de agosto de 2025.<\/strong><\/p>\n\n\n\n<p><strong>Fecha de Inscripci\u00f3n:<\/strong>&nbsp;<strong>Desde el 04 al 07 de agosto de 2025<\/strong>.<\/p>\n\n\n\n<p>Las fechas se establecen para cada carrera:<\/p>\n\n\n\n<figure class=\"wp-block-image size-full is-resized\"><img decoding=\"async\" loading=\"lazy\" src=\"https:\/\/ies6017-sal.infd.edu.ar\/sitio\/wp-content\/uploads\/2025\/08\/Cuadro-de-fechas-para-reinscripcion-2025.png\" alt=\"\" class=\"wp-image-8182\" width=\"582\" height=\"445\"\/><\/figure>\n\n\n\n<p><strong>No se admitir\u00e1n inscripciones fuera del periodo establecido.<\/strong><\/p>\n\n\n\n<p><strong>La informaci\u00f3n declarada en el Formulario de inscripci\u00f3n debe coincidir con el Formulario de Actualizaci\u00f3n de datos.<\/strong><\/p>\n\n\n\n<div class=\"wp-block-media-text alignwide has-media-on-the-right is-stacked-on-mobile\" style=\"grid-template-columns:auto 15%\"><div class=\"wp-block-media-text__content\">\n<p>Te compartimos un ejemplo para llenar la Ficha de Inscripci\u00f3n del 2do Cuatrimestre.<\/p>\n<\/div><figure class=\"wp-block-media-text__media\"><a href=\"https:\/\/ies6017-sal.infd.edu.ar\/sitio\/wp-content\/uploads\/2025\/08\/Ejemplo.pdf\" target=\"_blank\" rel=\"https:\/\/ies6017-sal.infd.edu.ar\/sitio\/wp-content\/uploads\/2025\/08\/Ejemplo.pdf noopener\"><img decoding=\"async\" loading=\"lazy\" width=\"320\" height=\"320\" src=\"https:\/\/ies6017-sal.infd.edu.ar\/sitio\/wp-content\/uploads\/2024\/07\/image-6.png\" alt=\"\" class=\"wp-image-7770 size-full\"\/><\/a><\/figure><\/div>\n","protected":false},"excerpt":{"rendered":"<p>Inscripci\u00f3n por materia 2\u00b0 Cuatrimestre 2025 Para poder cursar los espacios curriculares del segundo cuatrimestre, los estudiantes de las distintas carreras, deben inscribirse teniendo en cuenta los siguientes requisitos: Pasos para la inscripci\u00f3n: Orientaciones para completar el Formulario de Inscripci\u00f3n por materia: Fecha&nbsp;para completar Formulario de Actualizaci\u00f3n de datos:&nbsp;desde el 02 de agosto al 6 &#8230; <a title=\"Inscripci\u00f3n por materia 2\u00b0 Cuatrimestre 2025\" class=\"read-more\" href=\"https:\/\/ies6017-sal.infd.edu.ar\/sitio\/inscripcion-por-materia-2-cuatrimestre\/\" aria-label=\"More on Inscripci\u00f3n por materia 2\u00b0 Cuatrimestre 2025\">[+]<\/a><\/p>\n","protected":false},"author":3120,"featured_media":0,"parent":0,"menu_order":0,"comment_status":"closed","ping_status":"closed","template":"","meta":[],"acf":[],"_links":{"self":[{"href":"https:\/\/ies6017-sal.infd.edu.ar\/sitio\/wp-json\/wp\/v2\/pages\/4785"}],"collection":[{"href":"https:\/\/ies6017-sal.infd.edu.ar\/sitio\/wp-json\/wp\/v2\/pages"}],"about":[{"href":"https:\/\/ies6017-sal.infd.edu.ar\/sitio\/wp-json\/wp\/v2\/types\/page"}],"author":[{"embeddable":true,"href":"https:\/\/ies6017-sal.infd.edu.ar\/sitio\/wp-json\/wp\/v2\/users\/3120"}],"replies":[{"embeddable":true,"href":"https:\/\/ies6017-sal.infd.edu.ar\/sitio\/wp-json\/wp\/v2\/comments?post=4785"}],"version-history":[{"count":23,"href":"https:\/\/ies6017-sal.infd.edu.ar\/sitio\/wp-json\/wp\/v2\/pages\/4785\/revisions"}],"predecessor-version":[{"id":8807,"href":"https:\/\/ies6017-sal.infd.edu.ar\/sitio\/wp-json\/wp\/v2\/pages\/4785\/revisions\/8807"}],"wp:attachment":[{"href":"https:\/\/ies6017-sal.infd.edu.ar\/sitio\/wp-json\/wp\/v2\/media?parent=4785"}],"curies":[{"name":"wp","href":"https:\/\/api.w.org\/{rel}","templated":true}]}}