{"id":4321,"date":"2022-03-28T22:37:52","date_gmt":"2022-03-29T01:37:52","guid":{"rendered":"https:\/\/ies6017-sal.infd.edu.ar\/sitio\/?page_id=4321"},"modified":"2025-12-16T13:00:53","modified_gmt":"2025-12-16T16:00:53","slug":"bibliografia-2022","status":"publish","type":"page","link":"https:\/\/ies6017-sal.infd.edu.ar\/sitio\/bibliografia-2022\/","title":{"rendered":"Bibliograf\u00eda 2022"},"content":{"rendered":"\n<div class=\"wp-block-cover alignfull\" style=\"min-height:120px\"><span aria-hidden=\"true\" class=\"wp-block-cover__background has-base-2-background-color has-background-dim-0 has-background-dim\"><\/span><div class=\"wp-block-cover__inner-container\">\n<h2 class=\"wp-block-heading has-text-align-center\"><img decoding=\"async\" loading=\"lazy\" width=\"674\" height=\"219\" class=\"wp-image-6637\" style=\"width: 350px;\" src=\"https:\/\/ies6017-sal.infd.edu.ar\/sitio\/wp-content\/uploads\/2023\/11\/Recurso-25.png\" alt=\"\"><\/h2>\n<\/div><\/div>\n\n\n\n<h3 class=\"wp-block-heading alignwide has-text-align-center\" style=\"letter-spacing:10px;text-transform:uppercase\">Bibliograf\u00eda<\/h3>\n\n\n<p>\u00a0<\/p>\n<table style=\"height: 96px;\" width=\"999\">\n<tbody>\n<tr>\n<td width=\"361\">\n<h5>Formatos curriculares<\/h5>\n<\/td>\n<td width=\"80\"><a href=\"https:\/\/ies6017-sal.infd.edu.ar\/sitio\/wp-content\/uploads\/2022\/04\/5-FORMATOS-CURRICULARES.pdf\" target=\"_blank\" rel=\"noopener\"><img decoding=\"async\" loading=\"lazy\" class=\"alignnone wp-image-798\" src=\"https:\/\/ies6017-sal.infd.edu.ar\/sitio\/wp-content\/uploads\/2018\/06\/PDF-Descarga.gif\" alt=\"\" width=\"62\" height=\"57\" \/><\/a><\/td>\n<\/tr>\n<tr>\n<td>\n<h5>Estrategias de Ense\u00f1anza &#8211; Otra mirada al quehacer en el aula &#8211; Anijovich Mora.<\/h5>\n<\/td>\n<td><span style=\"font-size: 14pt; font-family: 'andale mono', times;\"><a href=\"https:\/\/drive.google.com\/file\/d\/1pg3VqYWkoVEUa4Ll3a7ViAir1sqJTwWd\/view\" target=\"_blank\" rel=\"noopener\"><img decoding=\"async\" loading=\"lazy\" class=\"alignnone wp-image-798\" src=\"https:\/\/ies6017-sal.infd.edu.ar\/sitio\/wp-content\/uploads\/2018\/06\/PDF-Descarga.gif\" alt=\"\" width=\"62\" height=\"57\" \/><\/a><\/span><\/td>\n<\/tr>\n<tr>\n<td>\n<h5>Programar ense\u00f1anza &#8211; Cap\u00edtulo N\u00b0 8 &#8211; Davini<\/h5>\n<\/td>\n<td><span style=\"font-size: 14pt; font-family: 'andale mono', times;\"><a href=\"https:\/\/drive.google.com\/file\/d\/1Sn4zeHvYvxM4mLLZC_cdo0d2kfImTRd7\/view\" target=\"_blank\" rel=\"noopener\"><img decoding=\"async\" loading=\"lazy\" class=\"alignnone wp-image-798\" src=\"https:\/\/ies6017-sal.infd.edu.ar\/sitio\/wp-content\/uploads\/2018\/06\/PDF-Descarga.gif\" alt=\"\" width=\"62\" height=\"57\" \/><\/a><\/span><\/td>\n<\/tr>\n<tr>\n<td>\n<h5>Capacidades profesionales<\/h5>\n<\/td>\n<td><span style=\"font-size: 14pt; font-family: 'andale mono', times;\"><a href=\"https:\/\/ies6017-sal.infd.edu.ar\/sitio\/wp-content\/uploads\/2022\/09\/CAPACIDADES-GENERALES-Y-ESPECIFICAS.pdf\" target=\"_blank\" rel=\"noopener\"><img decoding=\"async\" loading=\"lazy\" class=\"alignnone wp-image-798\" src=\"https:\/\/ies6017-sal.infd.edu.ar\/sitio\/wp-content\/uploads\/2018\/06\/PDF-Descarga.gif\" alt=\"\" width=\"62\" height=\"57\" \/><\/a><\/span><\/td>\n<\/tr>\n<\/tbody>\n<\/table>","protected":false},"excerpt":{"rendered":"<p>Bibliograf\u00eda \u00a0 Formatos curriculares Estrategias de Ense\u00f1anza &#8211; Otra mirada al quehacer en el aula &#8211; Anijovich Mora. Programar ense\u00f1anza &#8211; Cap\u00edtulo N\u00b0 8 &#8211; Davini Capacidades profesionales<\/p>\n","protected":false},"author":3120,"featured_media":0,"parent":0,"menu_order":0,"comment_status":"closed","ping_status":"closed","template":"","meta":[],"acf":[],"_links":{"self":[{"href":"https:\/\/ies6017-sal.infd.edu.ar\/sitio\/wp-json\/wp\/v2\/pages\/4321"}],"collection":[{"href":"https:\/\/ies6017-sal.infd.edu.ar\/sitio\/wp-json\/wp\/v2\/pages"}],"about":[{"href":"https:\/\/ies6017-sal.infd.edu.ar\/sitio\/wp-json\/wp\/v2\/types\/page"}],"author":[{"embeddable":true,"href":"https:\/\/ies6017-sal.infd.edu.ar\/sitio\/wp-json\/wp\/v2\/users\/3120"}],"replies":[{"embeddable":true,"href":"https:\/\/ies6017-sal.infd.edu.ar\/sitio\/wp-json\/wp\/v2\/comments?post=4321"}],"version-history":[{"count":25,"href":"https:\/\/ies6017-sal.infd.edu.ar\/sitio\/wp-json\/wp\/v2\/pages\/4321\/revisions"}],"predecessor-version":[{"id":8774,"href":"https:\/\/ies6017-sal.infd.edu.ar\/sitio\/wp-json\/wp\/v2\/pages\/4321\/revisions\/8774"}],"wp:attachment":[{"href":"https:\/\/ies6017-sal.infd.edu.ar\/sitio\/wp-json\/wp\/v2\/media?parent=4321"}],"curies":[{"name":"wp","href":"https:\/\/api.w.org\/{rel}","templated":true}]}}