{"id":2933,"date":"2021-07-30T19:56:41","date_gmt":"2021-07-30T22:56:41","guid":{"rendered":"https:\/\/ies6017-sal.infd.edu.ar\/sitio\/?page_id=2933"},"modified":"2025-08-02T22:12:48","modified_gmt":"2025-08-03T01:12:48","slug":"inscripcion-por-materia-2-cuatr","status":"publish","type":"page","link":"https:\/\/ies6017-sal.infd.edu.ar\/sitio\/inscripcion-por-materia-2-cuatr\/","title":{"rendered":"Inscripci\u00f3n por materia 2\u00b0 Cuatrimestre"},"content":{"rendered":"\n<div class=\"wp-block-cover alignfull\" style=\"min-height:120px\"><span aria-hidden=\"true\" class=\"wp-block-cover__background has-base-2-background-color has-background-dim-0 has-background-dim\"><\/span><div class=\"wp-block-cover__inner-container\">\n<h2 class=\"wp-block-heading has-text-align-center\"><img decoding=\"async\" loading=\"lazy\" width=\"674\" height=\"219\" class=\"wp-image-6637\" style=\"width: 350px;\" src=\"https:\/\/ies6017-sal.infd.edu.ar\/sitio\/wp-content\/uploads\/2023\/11\/Recurso-25.png\" alt=\"\"><\/h2>\n<\/div><\/div>\n\n\n\n<h3 class=\"wp-block-heading alignwide has-text-align-center\" style=\"letter-spacing:10px;text-transform:uppercase\">INSCRIPCI\u00d3N POR MATERIAS &#8211; <\/h3>\n\n\n\n<h3 class=\"wp-block-heading alignwide has-text-align-center\" style=\"letter-spacing:10px;text-transform:uppercase\">2\u00b0 Cuatrimestre<\/h3>\n\n\n<p style=\"text-align: justify;\">Para poder cursar los espacios curriculares del segundo cuatrimestre, los estudiantes de las distintas carreras, deben inscribirse teniendo en cuenta los siguientes requisitos:<\/p>\n\n\n<ol>\n<li>Tener <strong>LEGAJO COMPLETO<\/strong> (con toda la documentaci\u00f3n presentada, incluida la constancia de finalizaci\u00f3n de estudios secundarios actualizada si a\u00fan no tuviera el t\u00edtulo, hasta el 12  de agosto es el plazo de presentaci\u00f3n del T\u00edtulo seg\u00fan Disposici\u00f3n N\u00b0 157\/24  de la DGES). <\/li>\n\n\n\n<li>Completar el Formulario de Actualizaci\u00f3n de datos on line, es obligatorio. <\/li>\n\n\n\n<li>Presentar el Formulario de Inscripci\u00f3n por materia del 2do cuatrimestre.<\/li>\n\n\n\n<li>Presentar  libreta de estudios y DNI al momento de la inscripci\u00f3n. <\/li>\n\n\n\n<li>Aporte escolar. <\/li>\n<\/ol>\n\n\n<p><strong data-rich-text-format-boundary=\"true\">Pasos para la inscripci\u00f3n: <\/strong><\/p>\n\n\n<ol>\n<li><strong>Pasos para la inscripci\u00f3n:<\/strong><\/li>\n\n\n\n<li>Completar el siguiente formulario de&nbsp;<a href=\"https:\/\/forms.gle\/ec8TB4FsQwMthcUy8\" target=\"_blank\" rel=\"noreferrer noopener\">ACTUALIZACI\u00d3N DE DATOS SEDE<\/a>&nbsp;O&nbsp;<a href=\"https:\/\/forms.gle\/81AoBAg8hJfmRapJ8\" target=\"_blank\" rel=\"noreferrer noopener\">ACTUALIZACI\u00d3N DE DATOS ANEXO CAMPO SANTO.<\/a><\/li>\n\n\n\n<li>Solicitar el Formulario de Inscripci\u00f3n por Materia SEDE&nbsp;o el Formulario de Inscripci\u00f3n por Materia ANEXO CAMPO SANTO en la Biblioteca del Instituto. (Ver Orientaciones)<\/li>\n\n\n\n<li>Presentar el Formulario de inscripci\u00f3n por materia en Preceptor\u00eda.<\/li>\n<\/ol>\n\n\n<p><strong data-rich-text-format-boundary=\"true\">Orientaciones para completar el Formulario de Inscripci\u00f3n por materia<\/strong>:<\/p>\n\n\n<ul>\n<li>a) Para su llenado, coloque adecuadamente el nombre de la materia como figura en el Plan de estudios, el a\u00f1o al cual corresponde y el r\u00e9gimen (2do cuatrimestre).&nbsp; <\/li>\n\n\n\n<li>b) Se debe inscribir en las materias que le permite cursar el&nbsp;<strong>Sistema de correlatividades<\/strong>&nbsp;establecidos en el Plan de estudios de su carrera. <\/li>\n\n\n\n<li>c)Al momento de inscribirse, tiene que presentar libreta de estudios y DNI.<\/li>\n<\/ul>\n\n\n\n<p>  <\/p>\n\n\n<div class=\"wp-block-image\">\n<figure class=\"alignleft size-full is-resized\"><img decoding=\"async\" loading=\"lazy\" src=\"https:\/\/ies6017-sal.infd.edu.ar\/sitio\/wp-content\/uploads\/2023\/08\/image-1.png\" alt=\"\" class=\"wp-image-6109\" width=\"142\" height=\"132\"\/><\/figure><\/div>\n\n\n<p><strong>Fecha<\/strong>\u00a0<strong>para completar Formulario de Actualizaci\u00f3n de datos<\/strong>:\u00a0<strong>desde el 02 de agosto al 6 de agosto de 2025.<\/strong><\/p>\n\n\n\n<p><strong>Fecha de Inscripci\u00f3n:<\/strong>&nbsp;<strong>Desde el 04 al 07 de agosto de 2025<\/strong>.<\/p>\n\n\n\n<p><\/p>\n\n\n\n<p>Las fechas se establecen para cada carrera:<\/p>\n\n\n\n<figure class=\"wp-block-image size-full\"><img decoding=\"async\" loading=\"lazy\" width=\"571\" height=\"437\" src=\"https:\/\/ies6017-sal.infd.edu.ar\/sitio\/wp-content\/uploads\/2025\/08\/Cuadro-de-fechas-para-reinscripcion-2025.png\" alt=\"\" class=\"wp-image-8182\"\/><\/figure>\n\n\n\n<p><strong>No se admitir\u00e1n inscripciones fuera del periodo establecido. <\/strong><\/p>\n\n\n\n<p><strong>La informaci\u00f3n declarada en el Formulario de inscripci\u00f3n debe coincidir con el Formulario de Actualizaci\u00f3n de datos.<\/strong><\/p>\n\n\n\n<div class=\"wp-block-media-text alignwide has-media-on-the-right is-stacked-on-mobile\" style=\"grid-template-columns:auto 15%\"><div class=\"wp-block-media-text__content\">\n<p>Te compartimos un ejemplo para llenar la Ficha de Inscripci\u00f3n del 2do Cuatrimestre.<\/p>\n<\/div><figure class=\"wp-block-media-text__media\"><a href=\"https:\/\/ies6017-sal.infd.edu.ar\/sitio\/wp-content\/uploads\/2025\/08\/Ejemplo.pdf\" target=\"_blank\" rel=\"noreferrer noopener\"><img decoding=\"async\" loading=\"lazy\" width=\"320\" height=\"320\" src=\"https:\/\/ies6017-sal.infd.edu.ar\/sitio\/wp-content\/uploads\/2024\/07\/image-6.png\" alt=\"\" class=\"wp-image-7770 size-full\"\/><\/a><\/figure><\/div>\n","protected":false},"excerpt":{"rendered":"<p>INSCRIPCI\u00d3N POR MATERIAS &#8211; 2\u00b0 Cuatrimestre Para poder cursar los espacios curriculares del segundo cuatrimestre, los estudiantes de las distintas carreras, deben inscribirse teniendo en cuenta los siguientes requisitos: Pasos para la inscripci\u00f3n: Orientaciones para completar el Formulario de Inscripci\u00f3n por materia: Fecha\u00a0para completar Formulario de Actualizaci\u00f3n de datos:\u00a0desde el 02 de agosto al 6 &#8230; <a title=\"Inscripci\u00f3n por materia 2\u00b0 Cuatrimestre\" class=\"read-more\" href=\"https:\/\/ies6017-sal.infd.edu.ar\/sitio\/inscripcion-por-materia-2-cuatr\/\" aria-label=\"More on Inscripci\u00f3n por materia 2\u00b0 Cuatrimestre\">[+]<\/a><\/p>\n","protected":false},"author":236,"featured_media":0,"parent":0,"menu_order":0,"comment_status":"closed","ping_status":"closed","template":"","meta":[],"acf":[],"_links":{"self":[{"href":"https:\/\/ies6017-sal.infd.edu.ar\/sitio\/wp-json\/wp\/v2\/pages\/2933"}],"collection":[{"href":"https:\/\/ies6017-sal.infd.edu.ar\/sitio\/wp-json\/wp\/v2\/pages"}],"about":[{"href":"https:\/\/ies6017-sal.infd.edu.ar\/sitio\/wp-json\/wp\/v2\/types\/page"}],"author":[{"embeddable":true,"href":"https:\/\/ies6017-sal.infd.edu.ar\/sitio\/wp-json\/wp\/v2\/users\/236"}],"replies":[{"embeddable":true,"href":"https:\/\/ies6017-sal.infd.edu.ar\/sitio\/wp-json\/wp\/v2\/comments?post=2933"}],"version-history":[{"count":55,"href":"https:\/\/ies6017-sal.infd.edu.ar\/sitio\/wp-json\/wp\/v2\/pages\/2933\/revisions"}],"predecessor-version":[{"id":8199,"href":"https:\/\/ies6017-sal.infd.edu.ar\/sitio\/wp-json\/wp\/v2\/pages\/2933\/revisions\/8199"}],"wp:attachment":[{"href":"https:\/\/ies6017-sal.infd.edu.ar\/sitio\/wp-json\/wp\/v2\/media?parent=2933"}],"curies":[{"name":"wp","href":"https:\/\/api.w.org\/{rel}","templated":true}]}}