{"id":2313,"date":"2020-08-04T21:43:18","date_gmt":"2020-08-05T00:43:18","guid":{"rendered":"https:\/\/ies6017-sal.infd.edu.ar\/sitio\/?page_id=2313"},"modified":"2021-02-27T12:17:15","modified_gmt":"2021-02-27T15:17:15","slug":"1er-ano","status":"publish","type":"page","link":"https:\/\/ies6017-sal.infd.edu.ar\/sitio\/1er-ano\/","title":{"rendered":"1\u00b0 a\u00f1o"},"content":{"rendered":"<p>Estimados estudiantes se comparte informaci\u00f3n sobre aspectos importantes de la vida acad\u00e9mica y sobre las mesas de ex\u00e1menes. (<a href=\"https:\/\/ies6017-sal.infd.edu.ar\/sitio\/wp-content\/uploads\/2020\/08\/Para-ingresantes.pdf\">Descargar PDF<\/a>)<\/p>\n<h6 style=\"text-align: center;\"><span style=\"color: #008080;\">Cualquier solicitud de informaci\u00f3n o inquietud vinculada a las inscripciones por examen\u00a0 o cuestiones referidas al legajo y\/o plan de recuperaci\u00f3n de materias deber\u00e1n ser remitidas v\u00eda mail al siguiente correo electr\u00f3nico: consultasies6017@gmail.com<\/span><br \/>\n<span style=\"color: #008080;\">Para notas al correo de mesa de entrada: iesarsirolli6017@gmail.com<\/span><\/h6>\n<div style=\"width: 100%;\">\n<div style=\"position: relative; padding-bottom: 141.4%; padding-top: 0; height: 0;\"><iframe loading=\"lazy\" style=\"position: absolute; top: 0; left: 0; width: 60%; height: 60%;\" src=\"https:\/\/view.genial.ly\/5f29fbaf389ca10dd6e9986e\" width=\"400px\" height=\"800px\" frameborder=\"0\" scrolling=\"yes\" allowfullscreen=\"allowfullscreen\"><span data-mce-type=\"bookmark\" style=\"display: inline-block; width: 0px; overflow: hidden; line-height: 0;\" class=\"mce_SELRES_start\">\ufeff<\/span><\/iframe><\/div>\n<\/div>\n","protected":false},"excerpt":{"rendered":"<p>Estimados estudiantes se comparte informaci\u00f3n sobre aspectos importantes de la vida acad\u00e9mica y sobre las mesas de ex\u00e1menes. (Descargar PDF) Cualquier solicitud de informaci\u00f3n o inquietud vinculada a las inscripciones por examen\u00a0 o cuestiones referidas al legajo y\/o plan de recuperaci\u00f3n de materias deber\u00e1n ser remitidas v\u00eda mail al siguiente correo electr\u00f3nico: consultasies6017@gmail.com Para notas &#8230; <a title=\"1\u00b0 a\u00f1o\" class=\"read-more\" href=\"https:\/\/ies6017-sal.infd.edu.ar\/sitio\/1er-ano\/\" aria-label=\"More on 1\u00b0 a\u00f1o\">[+]<\/a><\/p>\n","protected":false},"author":236,"featured_media":0,"parent":0,"menu_order":0,"comment_status":"closed","ping_status":"closed","template":"","meta":[],"acf":[],"_links":{"self":[{"href":"https:\/\/ies6017-sal.infd.edu.ar\/sitio\/wp-json\/wp\/v2\/pages\/2313"}],"collection":[{"href":"https:\/\/ies6017-sal.infd.edu.ar\/sitio\/wp-json\/wp\/v2\/pages"}],"about":[{"href":"https:\/\/ies6017-sal.infd.edu.ar\/sitio\/wp-json\/wp\/v2\/types\/page"}],"author":[{"embeddable":true,"href":"https:\/\/ies6017-sal.infd.edu.ar\/sitio\/wp-json\/wp\/v2\/users\/236"}],"replies":[{"embeddable":true,"href":"https:\/\/ies6017-sal.infd.edu.ar\/sitio\/wp-json\/wp\/v2\/comments?post=2313"}],"version-history":[{"count":5,"href":"https:\/\/ies6017-sal.infd.edu.ar\/sitio\/wp-json\/wp\/v2\/pages\/2313\/revisions"}],"predecessor-version":[{"id":2790,"href":"https:\/\/ies6017-sal.infd.edu.ar\/sitio\/wp-json\/wp\/v2\/pages\/2313\/revisions\/2790"}],"wp:attachment":[{"href":"https:\/\/ies6017-sal.infd.edu.ar\/sitio\/wp-json\/wp\/v2\/media?parent=2313"}],"curies":[{"name":"wp","href":"https:\/\/api.w.org\/{rel}","templated":true}]}}